{"id":924,"date":"2013-01-30T13:48:36","date_gmt":"2013-01-30T12:48:36","guid":{"rendered":"http:\/\/petschaften-archiv.de\/?page_id=924"},"modified":"2019-10-09T15:55:16","modified_gmt":"2019-10-09T14:55:16","slug":"linksliste","status":"publish","type":"page","link":"http:\/\/petschaften-archiv.de\/?page_id=924","title":{"rendered":"Linksliste"},"content":{"rendered":"<p style=\"text-align: justify;\">Hier m\u00f6chte ich ein Buch aus den Niederlanden vorstellen und empfehlen. Es heisst<\/p>\n<p style=\"text-align: justify;\">&#8222;Zegelstempels en Zegelringen uit Zeeuwse bodem&#8220; von H.Henrikse.<\/p>\n<p style=\"text-align: justify;\">Es ist ein sehr interessantes Buch \u00fcber Funde von Petschafte und Siegelringen aus Nordholland. Zahlreiche Abbildungen und Hintergrundwissen machen das Buch zu einem wichtigen Hilfmittel f\u00fcr Leute, die sich f\u00fcr dieses Thema interessieren. Hier stelle ich einen Link zur groben \u00dcbersicht des Buches ein.<\/p>\n<p><a href=\"http:\/\/www.youtube.com\/watch?v=PCqTc-pJUnk\">Zegelstempels en Zegelringen<\/a><\/p>\n<p>Weitere Links im Zusammenhang mit Siegelstempeln und Siegelringen:<\/p>\n<p>&nbsp;<\/p>\n<p><a title=\"Museums-Petschafte: Hier zeige ich ein paar Siegelstempel, die in Museen ausgestellt werden.\" href=\"http:\/\/petschaften-archiv.de\/?p=1552\">Museums-Petschafte: Hier zeige ich Siegel-Stempel,\u00a0welche in Museen ausgestellt werden.<\/a><\/p>\n<p><a title=\"Was sind Petschafte(n)?\" href=\"http:\/\/petschaften-archiv.de\/?p=439\">Was sind Petschafte(n)?<\/a><\/p>\n<p><a title=\"Was sind Hausmarken?\" href=\"http:\/\/petschaften-archiv.de\/?p=300\">Was sind Hausmarken?<\/a><\/p>\n<p><a title=\"Hausmarken heute \u2026 z.B. auf der Insel Hiddensee\" href=\"http:\/\/petschaften-archiv.de\/?p=1832\">Hausmarken heute \u2026 es gibt sie noch, z.B. auf der Insel Hiddensee.<\/a><\/p>\n<p><a title=\"Majuskeln, Minuskeln und die Form des Schaftes\" href=\"http:\/\/petschaften-archiv.de\/?p=1100\">Majuskeln, Minuskeln und die Form des Schaftes<\/a><\/p>\n<p><a title=\"\u00dcber das mittelalterliche Zeichen der 4\" href=\"http:\/\/petschaften-archiv.de\/?p=322\">\u00fcber das mittelalterliche bis fr\u00fchneuzeitliche Segenszeichen \u201c4\u2033<\/a><\/p>\n<p><a title=\"Exakte Datierung eines Petschaftes in das Jahr 1544\" href=\"http:\/\/petschaften-archiv.de\/?p=1035\">exakte Datierung eines Petschaftes in das Jahr 1544<\/a><\/p>\n<p><a title=\"Hausmarken und Symbole auf Tuchplomben\" href=\"http:\/\/petschaften-archiv.de\/?p=556\">Hausmarken und Symbole auf Tuchplomben<\/a><\/p>\n<p><a title=\"450 000 Euro f\u00fcr Hamburgs Petschaft\" href=\"http:\/\/petschaften-archiv.de\/?p=551\">450.000 Euro f\u00fcr Hamburgs Petschaft<\/a><\/p>\n<p><a title=\"700 Jahre alter Sensationsfund bei Stralsund\" href=\"http:\/\/petschaften-archiv.de\/?p=1461\">Fragment eines F\u00fcrsten-Petschaftes von Wizlaw III aus Vorpommern<\/a><\/p>\n<p><a href=\"http:\/\/petschaften-archiv.de\/?p=2393\">Petschaft eines Domprobstes um 1220<\/a><\/p>\n<p><a href=\"http:\/\/www.hiderefer.com\/?http:\/\/petschaften-archiv.de\/?p=3059\" target=\"_blank\" rel=\"nofollow\">Nach 750 Jahren entdeckt: Siegelstempel des pommerschen Herzogs Wartislaw III. in der Stadt Usedom ausgegraben <\/a><\/p>\n<p>&nbsp;<\/p>\n<p>&nbsp;<\/p>\n<p>&nbsp;<\/p>\n<p>&nbsp;<\/p>\n","protected":false},"excerpt":{"rendered":"<p>Hier m\u00f6chte ich ein Buch aus den Niederlanden vorstellen und empfehlen. Es heisst &#8222;Zegelstempels en Zegelringen uit Zeeuwse bodem&#8220; von H.Henrikse. Es ist ein sehr interessantes Buch \u00fcber Funde von Petschafte und Siegelringen aus Nordholland. Zahlreiche Abbildungen und Hintergrundwissen machen &hellip; <a href=\"http:\/\/petschaften-archiv.de\/?page_id=924\">Weiterlesen <span class=\"meta-nav\">&rarr;<\/span><\/a><\/p>\n","protected":false},"author":1,"featured_media":0,"parent":0,"menu_order":0,"comment_status":"closed","ping_status":"closed","template":"","meta":[],"_links":{"self":[{"href":"http:\/\/petschaften-archiv.de\/index.php?rest_route=\/wp\/v2\/pages\/924"}],"collection":[{"href":"http:\/\/petschaften-archiv.de\/index.php?rest_route=\/wp\/v2\/pages"}],"about":[{"href":"http:\/\/petschaften-archiv.de\/index.php?rest_route=\/wp\/v2\/types\/page"}],"author":[{"embeddable":true,"href":"http:\/\/petschaften-archiv.de\/index.php?rest_route=\/wp\/v2\/users\/1"}],"replies":[{"embeddable":true,"href":"http:\/\/petschaften-archiv.de\/index.php?rest_route=%2Fwp%2Fv2%2Fcomments&post=924"}],"version-history":[{"count":18,"href":"http:\/\/petschaften-archiv.de\/index.php?rest_route=\/wp\/v2\/pages\/924\/revisions"}],"predecessor-version":[{"id":926,"href":"http:\/\/petschaften-archiv.de\/index.php?rest_route=\/wp\/v2\/pages\/924\/revisions\/926"}],"wp:attachment":[{"href":"http:\/\/petschaften-archiv.de\/index.php?rest_route=%2Fwp%2Fv2%2Fmedia&parent=924"}],"curies":[{"name":"wp","href":"https:\/\/api.w.org\/{rel}","templated":true}]}}